d by k.
4
Let j = -46 + 45. What is the remainder when j*3/9 + (-2008)/(-12) is divided by 17?
14
Suppose 3*d = -2*d + 675. Suppose 81 = 3*u - d. What is the remainder when u is divided by 508/20 + 2/(-5)?
22
Let i be (2 + (-3)/2)*(0 - -4). Calculate the remainder when ((-21)/i)/((-3)/8) is divided by 6.
4
Let s = 24 - 20. Suppose -130 = -s*u + 2*n - n, 3*u - 102 = 3*n. Calculate the remainder when u is divided by 9.
5
Let h = 161 + -79. What is the remainder when h is divided by 6?
4
Let v(r) = -13*r + 15. Let t(d) = 9*d - 10. Let z(b) = -7*t(b) - 5*v(b). Calculate the remainder when 88 is divided by z(18).
26
Let f = 27 - 14. Let w(l) = -10*l + 8. Let h be w(-5). Let s = 82 - h. What is the remainder when s is divided by f?
11
Let a(p) = -2*p**3 + 5*p**3 - 2*p**3 + 0 - 5 - 3*p**2. Calculate the remainder when 21 is divided by a(4).
10
Calculate the remainder when (-1)/(8/(-1470)) + (-86)/(-344) is divided by 87.
10
What is the remainder when 76 is divided by 2 - (54/(-6) + -8)?
0
Suppose 3*b = 4*b, 5*x + 5*b = 75. Calculate the remainder when 50 is divided by x.
5
Let c(j) = 36*j**2 + 5*j - 4. Let v be c(3). Suppose 6*t - t - v = 0. Calculate the remainder when t is divided by 14.
11
Suppose 2*v + 8 = 4*a - a, -4 = v. What is the remainder when 51 - (4 + (-2 - a)) is divided by 17?
15
Let d = 22 + 20. Calculate the remainder when 47 is divided by 20/(0 - -1)*d/105.
7
What is the remainder when (16/(-18))/((-88)/1980) is divided by 144/14 - 2/7?
0
Let s be -17*3*(-2)/6. Let i(g) = -48*g - 43. Let f be i(-6). Suppose -4*m - 32 = -y + s, 5*y = -4*m + f. Calculate the remainder when y is divided by 17.
15
Suppose q + 1 = 4*s, -q + 2*s = -5*q + 50. Let z(a) be the first derivative of a**3/3 + 2*a**2 - 2*a - 21. Calculate the remainder when z(-8) is divided by q.
8
Let d = -46 - -28. Let b be 219/18 + 3/d. Suppose -b - 84 = -6*s. What is the remainder when 76 is divided by s?
12
Suppose 8*c = 110 + 42. Calculate the remainder when 104 is divided by c.
9
Let k(q) = 29*q - 12. What is the remainder when k(2) is divided by 17?
12
Suppose 329*f - 546 = 308*f. Calculate the remainder when 75*(-3)/((-18)/4) is divided by f.
24
Calculate the remainder when 245 is divided by 1/(40/2472) + 1/5.
59
Suppose -2*k - 145 = -7*k. Let p = 32 + -29. Calculate the remainder when k is divided by (-8)/(1 - p/2).
13
Suppose -12*w - 2*b = -15*w + 44, -3*b + 53 = 4*w. Let j = 15 - 13. Calculate the remainder when w is divided by j.
0
Let g = -411 + 417. Let r = 0 + 1. Let m = 22 + r. What is the remainder when m is divided by g?
5
Suppose -y = 2 - 4. Suppose 5*s - 6 = 33*d - 31*d, 5*d = -2*s + 14. Calculate the remainder when d is divided by y.
0
Calculate the remainder when 46 - (6 + -6 + -5) is divided by 6.
3
Let n = -205 + 220. What is the remainder when 673 is divided by n?
13
Let i = -83 - -32. Calculate the remainder when (-2)/7 + (-1)/((-42)/1398) is divided by ((-2)/6)/(1/i).
16
Let p = 4 - 14. Let l = p - -21. Suppose -5*a + 5 = r, -2*r = -3*a - r + l. Calculate the remainder when 3 is divided by a.
1
Suppose 0 = -2*d - d + 24. Suppose 0 = 5*n - 47 - d. What is the remainder when (-14)/(-84) + 125/6 - 0 is divided by n?
10
Calculate the remainder when ((-70)/(-36) - 88/198)/((-15)/(-10)) is divided by 4/(-6) + (-5)/(-3).
0
Let l be 124*(-3)/(-4) + -6. Let v = l + -71. Calculate the remainder when 93/(-6)*(-1 + -1) is divided by v.
15
What is the remainder when 430 + -14*5/10 is divided by 85?
83
Suppose 0 = -8*i + 845 - 237. Calculate the remainder when i is divided by 9.
4
Calculate the remainder when 247 is divided by 4/7 - 6721/(-329).
16
Suppose -m + 15 = -4*k, -41 = -m - m - 3*k. Suppose 5*n + 2*q = 449, n = -135*q + 138*q + 83. Calculate the remainder when n is divided by m.
13
Let u = -8 + 47. Let b(w) = -w + 3*w**3 + 3 - 8 - 4*w**3 - 15*w**2. Calculate the remainder when u is divided by b(-15).
9
Let a = -220 + 233. Let d be 4/(-16) - (-202)/8. Suppose -5*u - 5 = -d. Calculate the remainder when a is divided by u.
1
Let u(r) = r**3 - 44*r**2 + 2*r - 42. Let s = 76 - 52. What is the remainder when u(44) is divided by s?
22
Let d = -84 + 88. Suppose -5*h + 30 + 5 = 0. What is the remainder when h is divided by d?
3
Suppose 0 = 2*f - v + 4*v - 39, 0 = 3*f + 4*v - 57. Let d(j) = -j**2 + 23*j - 50. What is the remainder when d(18) is divided by f?
10
Suppose 3*w = 2*i - 80, w - 38 = -i + 2. Calculate the remainder when 193 is divided by i.
33
Let q(c) = -7*c + 46. Let t be q(-7). Suppose -2*m = -a + 45, 3*a = -3*m - m + t. What is the remainder when a is divided by 10?
7
Let y = -73 + 49. Let c = y - -58. Let w(t) = -t + 5. Calculate the remainder when c is divided by w(-4).
7
Let y = 7 + 9. Let t = 31 - 0. Suppose 16*n - 17*n = -t. Calculate the remainder when n is divided by y.
15
Let u(i) = -2*i**3 + 24*i**2 + 23*i + 11. What is the remainder when u(12) is divided by 21?
14
Calculate the remainder when 34 is divided by 17 - (-4 + -1 + 9).
8
Let k(h) = -h**3 - 9*h**2 - 7*h + 10. Suppose -l + 7*o = 3*o + 15, -5*l = -3*o - 10. Let a = l - 3. Calculate the remainder when k(-8) is divided by a.
0
Let o(l) = 34*l - 89. Calculate the remainder when ((-282)/(-4))/(5/10) is divided by o(3).
11
Suppose -44 = 239*r - 241*r. What is the remainder when 62 is divided by r?
18
Let h(x) = -29*x - 1049. Calculate the remainder when (-124)/(-3) + (-2)/(-3) is divided by h(-37).
18
Let t(z) = -3*z**3 - 6*z**2 - 4*z + 14. What is the remainder when t(-5) is divided by 67?
58
Let a be (0/(-3)*(-2)/4)/1. Suppose a = -6*b + 63 + 441. What is the remainder when b is divided by 18?
12
Suppose 0*k + 4*k - 45 = -g, -5*g = 15. Calculate the remainder when (86/172)/(1 + (-178)/180) is divided by k.
9
Suppose 2*v - 10 = -0. Suppose 4*u - w - 3*w = 92, 105 = 5*u - 3*w. What is the remainder when u is divided by v?
3
Let l(g) be the first derivative of -g**4/2 - 4*g**3/3 - 5*g**2/2 - 4*g + 18. Calculate the remainder when 21 is divided by l(-2).
3
Let q be -3 - (78/(-10) + 2/(-10)). Suppose 2 + 14 = 4*b, -46 = -3*t + q*b. What is the remainder when t is divided by 12?
10
Let w be -3 - (0 - (4 - 0)). Suppose 10 = 2*s - 2*v, 6*v = 3*v + 6. What is the remainder when (w + -37 - 2)/(-2) is divided by s?
5
What is the remainder when 37 is divided by (-4)/(-18) + 7/(-126)*-572?
5
Suppose 41*r = 39 + 248. Suppose 0*s + s = 0. Let t(o) = -o**2 + 2. Calculate the remainder when r is divided by t(s).
1
Let a = -26 - -30. Let h(y) = y**3 - y**2 + 5*y + 3. Calculate the remainder when h(4) is divided by (-12)/(a/(-6)*(-3)/(-3)).
17
Let x = 246 - 196. What is the remainder when 199 is divided by x?
49
Calculate the remainder when (9 + -3 + -8)*(-97 - 2) is divided by 34.
28
Suppose -3*m - 68 = -5*w, 5*w + 3*m - 72 = 5*m. Let t(o) = 47*o - 1. What is the remainder when t(1) is divided by w?
14
What is the remainder when 41 is divided by ((-11)/4)/(8 + 165/(-20))?
8
Let w = 1042 + -934. Calculate the remainder when w is divided by 7.
3
Let g(m) = -m**2 + 9*m + 4. Let o be 3/((-63)/(-60))*7. Calculate the remainder when (-5)/o + 37/4 is divided by g(9).
1
Let j(z) = -z + 2. Let d be (3/6)/(1/4). Let l be ((-1)/4)/(d/8). Calculate the remainder when j(l) is divided by 2.
1
Suppose 0 = 4*o - 5*o, 0 = -5*w - 2*o + 480. What is the remainder when w is divided by 7?
5
Suppose 5*p + 38 = 3. What is the remainder when 90 is divided by ((-23)/4)/(p/28)?
21
Suppose -22*q = -16*q - 162. Suppose q*a = 24*a + 69. Calculate the remainder when 90 is divided by a.
21
Let y(v) = -v**2 - v. Let c(a) = 2*a**2 - 8*a + 2. Let q(f) = c(f) - 5*y(f). Let h be q(1). What is the remainder when 27 is divided by 5*(h - 3 - 0)?
12
Suppose 3*q + 25*u - 28*u - 18 = 0, 2*u + 2 = 0. Suppose 3*d = -5*m + 129, 2*m - d = m + 21. What is the remainder when m is divided by q?
4
Let z = -77 + 104. Let t(w) be the third derivative of -5*w**4/24 - w**3 - 2*w**2. What is the remainder when z is divided by t(-4)?
13
Suppose 92 = 2*u - 46. Let g(y) = -34*y**2 - 3*y + 13. Let k be g(5). What is the remainder when u is divided by k/(-48) + 2/8?
15
Suppose -2*f - 8 = -28. Suppose 0 = -8*n - 13*n + 567. Calculate the remainder when n is divided by f.
7
Suppose 2*n + 2 = -4*u + n, -4*u - 4 = 2*n. Suppose -q + u = 7. What is the remainder when 